{"id":601,"date":"2025-05-07T06:05:45","date_gmt":"2025-05-07T06:05:45","guid":{"rendered":"https:\/\/flatsofdreams.at\/?page_id=601"},"modified":"2026-05-01T14:30:09","modified_gmt":"2026-05-01T14:30:09","slug":"lia","status":"publish","type":"page","link":"https:\/\/flatsofdreams.at\/?page_id=601","title":{"rendered":"LIA"},"content":{"rendered":"\n<div class=\"wp-block-columns is-layout-flex wp-container-core-columns-is-layout-1 wp-block-columns-is-layout-flex\">\n<div class=\"wp-block-column is-layout-flow wp-block-column-is-layout-flow\"><div class=\"wp-block-image\">\n<figure class=\"alignright size-full is-resized\"><img loading=\"lazy\" decoding=\"async\" width=\"941\" height=\"870\" src=\"http:\/\/flatsofdreams.at\/wp-content\/uploads\/2026\/02\/LiaWeb.jpg\" alt=\"\" class=\"wp-image-728\" style=\"width:310px;height:auto\" srcset=\"https:\/\/flatsofdreams.at\/wp-content\/uploads\/2026\/02\/LiaWeb.jpg 941w, https:\/\/flatsofdreams.at\/wp-content\/uploads\/2026\/02\/LiaWeb-300x277.jpg 300w, https:\/\/flatsofdreams.at\/wp-content\/uploads\/2026\/02\/LiaWeb-768x710.jpg 768w\" sizes=\"(max-width: 941px) 100vw, 941px\" \/><figcaption class=\"wp-element-caption\"><strong><mark style=\"background-color:rgba(0, 0, 0, 0)\" class=\"has-inline-color has-black-color\">geb. 23.03.2025<\/mark><\/strong><\/figcaption><\/figure><\/div>\n\n\n<h2 class=\"wp-block-heading\"><strong>A Sweet Blackbeauty Flats of Dreams<\/strong><\/h2>\n<\/div>\n<\/div>\n\n\n\n<p>Lia ist f\u00fcr mich etwas ganz Besonderes, denn sie ist die erste H\u00fcndin aus meiner eigenen Zucht. Schon als Welpe bestach sie durch ihren unerschrockenen Charakter, ihren h\u00fcbschen Kopf und einen Charme, dem man einfach nicht widerstehen kann.<\/p>\n\n\n\n<p>Sie ist eine unheimlich aufgeweckte und lebensfrohe H\u00fcndin. Im Alltag sorgt sie mit ihrer fr\u00f6hlichen Art f\u00fcr viel Schwung, doch sobald es an die Arbeit geht, zeigt sie ihre fokussierte Seite: Sie ist dann \u201evoll dabei\u201c und beweist eine enorme Lernbereitschaft. Es macht einfach nur Freude zu sehen, wie schnell sie neue Aufgaben versteht und wie gerne sie arbeitet.<\/p>\n\n\n\n<p>Ihr Sozialleben genie\u00dft sie in vollen Z\u00fcgen. Sie w\u00e4chst beh\u00fctet mit ihrer Mama Amy, Gro\u00dftante Cheyenne und unseren Katzen auf. Die t\u00e4glichen Besuche von Onkel Milo und Dina sind f\u00fcr sie absolute Highlights und tolle Spielerlebnisse. Dabei zeigt sie sich als sehr aufmerksame Beobachterin und lernt viel von den \u201eGro\u00dfen\u201c \u2013 wobei sie sich ganz typisch Junghund manchmal auch den einen oder anderen Unfug abschaut, der nicht unbedingt im Lehrbuch steht. Aber genau das macht ihre liebenswerte Pers\u00f6nlichkeit aus!<\/p>\n\n\n\n<p>Dass Lia nicht nur charakterlich, sondern auch optisch \u00fcberzeugt, konnte sie bereits offiziell unter Beweis stellen:<\/p>\n\n\n\n<ul>\n<li><strong>Show Cup 2025 (\u00d6RC)<\/strong>: 1. Platz \u2013 Beste H\u00fcndin J\u00fcngsten<\/li>\n<\/ul>\n\n\n\n<p>Ich bin unheimlich stolz auf die Entwicklung meiner \u201eLia Maus\u201c und freue mich auf jeden weiteren Schritt, den ich gemeinsam mit dieser h\u00fcbschen Dame gehen darf.<\/p>\n\n\n\n<div class=\"wp-block-buttons is-content-justification-center is-layout-flex wp-container-core-buttons-is-layout-1 wp-block-buttons-is-layout-flex\">\n<div class=\"wp-block-button\"><a class=\"wp-block-button__link wp-element-button\" href=\"https:\/\/flatsofdreams.at\/?page_id=674\">Bilder<\/a><\/div>\n<\/div>\n\n\n\n<p><strong>GESUNDHEIT<\/strong>:<br>BbEE tr\u00e4gt liver (braun) kein gelb<\/p>\n\n\n\n<p><strong>WORK<\/strong>:<\/p>\n\n\n\n<p><strong>SHOW<\/strong>:<br>21.09.2025 Retrieverfestival Grafenegg VV2, Welpen Klasse<br>20.09.2025 Retrieverfestival Grafenegg VV1, Beste Welpe, Welpen Klasse<br>19.09.2025 Retrieverfestival Grafenegg VV1, Beste Welpe, Welpen Klasse<\/p>\n\n\n\n<p><strong>PEDIGREE:<\/strong><\/p>\n\n\n\n<figure class=\"wp-block-image size-large\"><img loading=\"lazy\" decoding=\"async\" width=\"1024\" height=\"548\" src=\"https:\/\/flatsofdreams.at\/wp-content\/uploads\/2025\/08\/AhnentafelOeRC-1024x548.jpg\" alt=\"\" class=\"wp-image-671\" srcset=\"https:\/\/flatsofdreams.at\/wp-content\/uploads\/2025\/08\/AhnentafelOeRC-1024x548.jpg 1024w, https:\/\/flatsofdreams.at\/wp-content\/uploads\/2025\/08\/AhnentafelOeRC-300x161.jpg 300w, https:\/\/flatsofdreams.at\/wp-content\/uploads\/2025\/08\/AhnentafelOeRC-768x411.jpg 768w, https:\/\/flatsofdreams.at\/wp-content\/uploads\/2025\/08\/AhnentafelOeRC.jpg 1357w\" sizes=\"(max-width: 1024px) 100vw, 1024px\" \/><\/figure>\n","protected":false},"excerpt":{"rendered":"<p>A Sweet Blackbeauty Flats of Dreams Lia ist f\u00fcr mich etwas ganz Besonderes, denn sie ist die erste H\u00fcndin aus meiner eigenen Zucht. Schon als Welpe bestach sie durch ihren unerschrockenen Charakter, ihren h\u00fcbschen Kopf&hellip;<\/p>\n","protected":false},"author":2,"featured_media":0,"parent":20,"menu_order":5,"comment_status":"closed","ping_status":"closed","template":"","meta":{"footnotes":""},"_links":{"self":[{"href":"https:\/\/flatsofdreams.at\/index.php?rest_route=\/wp\/v2\/pages\/601"}],"collection":[{"href":"https:\/\/flatsofdreams.at\/index.php?rest_route=\/wp\/v2\/pages"}],"about":[{"href":"https:\/\/flatsofdreams.at\/index.php?rest_route=\/wp\/v2\/types\/page"}],"author":[{"embeddable":true,"href":"https:\/\/flatsofdreams.at\/index.php?rest_route=\/wp\/v2\/users\/2"}],"replies":[{"embeddable":true,"href":"https:\/\/flatsofdreams.at\/index.php?rest_route=%2Fwp%2Fv2%2Fcomments&post=601"}],"version-history":[{"count":13,"href":"https:\/\/flatsofdreams.at\/index.php?rest_route=\/wp\/v2\/pages\/601\/revisions"}],"predecessor-version":[{"id":797,"href":"https:\/\/flatsofdreams.at\/index.php?rest_route=\/wp\/v2\/pages\/601\/revisions\/797"}],"up":[{"embeddable":true,"href":"https:\/\/flatsofdreams.at\/index.php?rest_route=\/wp\/v2\/pages\/20"}],"wp:attachment":[{"href":"https:\/\/flatsofdreams.at\/index.php?rest_route=%2Fwp%2Fv2%2Fmedia&parent=601"}],"curies":[{"name":"wp","href":"https:\/\/api.w.org\/{rel}","templated":true}]}}